{"id":721,"date":"2018-08-30T11:59:19","date_gmt":"2018-08-30T14:59:19","guid":{"rendered":"https:\/\/espbaecaraffa-cba.infd.edu.ar\/sitio\/escuela-superior-de-bellas-artes-emilio-caraffa\/"},"modified":"2022-10-21T19:50:44","modified_gmt":"2022-10-21T22:50:44","slug":"escuela-superior-de-bellas-artes-emilio-caraffa","status":"publish","type":"page","link":"https:\/\/espbaecaraffa-cba.infd.edu.ar\/sitio\/escuela-superior-de-bellas-artes-emilio-caraffa\/","title":{"rendered":"ESCUELA SUPERIOR DE BELLAS ARTES EMILIO CARAFFA"},"content":{"rendered":"<p><span style=\"font-family: 'comic sans ms', sans-serif; font-size: 14pt; color: #800080;\"><strong style=\"text-align: center; color: #800080; font-family: 'comic sans ms', sans-serif; font-size: 14pt;\">Domicilio: Catamarca 325 esquina Jap\u00f3n<\/strong><\/span><\/p>\n<p><span style=\"font-family: 'comic sans ms', sans-serif; font-size: 14pt; color: #800080;\" data-mce-mark=\"1\"><strong>Tel\u00e9fono: 03541-458166<\/strong><\/span><\/p>\n<p><span style=\"font-family: 'comic sans ms', sans-serif; font-size: 14pt; color: #800080;\"><strong>Cod. Postal: 5166<\/strong><\/span><\/p>\n<p><span style=\"font-family: 'comic sans ms', sans-serif; font-size: 14pt; color: #800080;\"><strong>Dpto: Punilla<img decoding=\"async\" loading=\"lazy\" class=\"wp-image-1015 alignright\" src=\"https:\/\/espbaecaraffa-cba.infd.edu.ar\/sitio\/wp-content\/uploads\/2022\/10\/QR-Caraffa.jpg\" alt=\"\" width=\"256\" height=\"253\" \/><\/strong><\/span><\/p>\n<p><span style=\"font-family: 'comic sans ms', sans-serif; font-size: 14pt; color: #800080;\"><strong>Pcia: C\u00f3rdoba<\/strong><\/span><\/p>\n<p><span style=\"font-family: 'comic sans ms', sans-serif; font-size: 14pt; color: #800080;\"><strong>Correo electr\u00f3nico: <span style=\"color: #000080;\"><a href=\"mailto:ecaraffacosquin@yahoo.com.ar\"><span style=\"color: #000080;\">ecaraffacosquin@yahoo.com.ar<\/span><\/a><\/span><\/strong><\/span><\/p>\n<p><a href=\"https:\/\/www.instagram.com\/invites\/contact\/?i=1lhniin849py7&amp;utm_content=pc2puhh\">https:\/\/www.instagram.com\/invites\/contact\/?i=1lhniin849py7&amp;utm_content=pc2puhh<\/a><\/p>\n<p><a href=\"https:\/\/www.facebook.com\/esba.emilio.caraffa\/\">https:\/\/www.facebook.com\/esba.emilio.caraffa\/<\/a><\/p>\n","protected":false},"excerpt":{"rendered":"<p>Domicilio: Catamarca 325 esquina Jap\u00f3n Tel\u00e9fono: 03541-458166 Cod. Postal: 5166 Dpto: Punilla Pcia: C\u00f3rdoba Correo electr\u00f3nico: ecaraffacosquin@yahoo.com.ar https:\/\/www.instagram.com\/invites\/contact\/?i=1lhniin849py7&amp;utm_content=pc2puhh https:\/\/www.facebook.com\/esba.emilio.caraffa\/<\/p>\n","protected":false},"author":222,"featured_media":0,"parent":0,"menu_order":0,"comment_status":"closed","ping_status":"closed","template":"","meta":[],"acf":[],"_links":{"self":[{"href":"https:\/\/espbaecaraffa-cba.infd.edu.ar\/sitio\/wp-json\/wp\/v2\/pages\/721"}],"collection":[{"href":"https:\/\/espbaecaraffa-cba.infd.edu.ar\/sitio\/wp-json\/wp\/v2\/pages"}],"about":[{"href":"https:\/\/espbaecaraffa-cba.infd.edu.ar\/sitio\/wp-json\/wp\/v2\/types\/page"}],"author":[{"embeddable":true,"href":"https:\/\/espbaecaraffa-cba.infd.edu.ar\/sitio\/wp-json\/wp\/v2\/users\/222"}],"replies":[{"embeddable":true,"href":"https:\/\/espbaecaraffa-cba.infd.edu.ar\/sitio\/wp-json\/wp\/v2\/comments?post=721"}],"version-history":[{"count":8,"href":"https:\/\/espbaecaraffa-cba.infd.edu.ar\/sitio\/wp-json\/wp\/v2\/pages\/721\/revisions"}],"predecessor-version":[{"id":1022,"href":"https:\/\/espbaecaraffa-cba.infd.edu.ar\/sitio\/wp-json\/wp\/v2\/pages\/721\/revisions\/1022"}],"wp:attachment":[{"href":"https:\/\/espbaecaraffa-cba.infd.edu.ar\/sitio\/wp-json\/wp\/v2\/media?parent=721"}],"curies":[{"name":"wp","href":"https:\/\/api.w.org\/{rel}","templated":true}]}}