{"id":741,"date":"2020-12-22T10:00:27","date_gmt":"2020-12-22T13:00:27","guid":{"rendered":"https:\/\/espbaecaraffa-cba.infd.edu.ar\/sitio\/taller-infanto-juvenil\/"},"modified":"2025-11-04T17:37:41","modified_gmt":"2025-11-04T20:37:41","slug":"taller-infanto-juvenil","status":"publish","type":"page","link":"https:\/\/espbaecaraffa-cba.infd.edu.ar\/sitio\/taller-infanto-juvenil\/","title":{"rendered":"TALLER INFANTO JUVENIL inscripciones"},"content":{"rendered":"<p class=\"ecxyiv772606039MsoNormal\" style=\"text-align: justify;\"><span style=\"color: #ff6600; font-family: 'comic sans ms', sans-serif; font-size: 14pt;\"><strong><span style=\"line-height: 115%;\">El taller Infanto Juvenil busca enriquecer las experiencias de los alumnos\u00a0a trav\u00e9s de m\u00faltiples propuestas, potenciando la sensibilidad, inteligencia y el esp\u00edritu cr\u00edtico. Es un lugar de encuentro para compartir y hacer, sentir y comunicar. Est\u00e1 dirigido a ni\u00f1as y\u00a0 ni\u00f1os y adolescentes, sin que la edad sea un impedimento para encontrarse con el arte y el conocimiento.<\/span><\/strong><\/span><\/p>\n<div style=\"text-align: center;\">\n<p><strong><span style=\"color: #800080;\">INSCRIPCIONES TALLER INFANTO JUVENIL\u00a0 2025<\/span>.<\/strong><\/p>\n<p><strong>LUNES A\u00a0 JUEVES DE 16:00 A 18:00<\/strong><\/p>\n<p><strong>FUERA DE ESE HORARIO NO SE RECEPTAR\u00c1 DOCUMENTACI\u00d3N<\/strong><\/p>\n<p><span style=\"color: #008000;\">(VER SOLAPA DE HORARIOS)<\/span><\/p>\n<p><a href=\"https:\/\/espbaecaraffa-cba.infd.edu.ar\/sitio\/wp-content\/uploads\/2022\/12\/Informe-de-salud-Anual-I.S.A..doc\">Informe-de-salud-Anual-I.S.A.<\/a><\/p>\n<p>Ficha m\u00e9dica del Ministerio de Educaci\u00f3n ( CUS) a partir de enero 2024<\/p>\n<p><a style=\"font-size: inherit;\" href=\"https:\/\/espbaecaraffa-cba.infd.edu.ar\/sitio\/wp-content\/uploads\/2022\/12\/CUS.pdf\">CUS<\/a><\/p>\n<p>DNI, frente y dorso, CUIL<\/p>\n<p>Foto carnet<\/p>\n<p><b>Deber\u00e1n ser presentados en formato papel, al momento de la inscripci\u00f3n.<\/b><\/p>\n<p><img decoding=\"async\" loading=\"lazy\" src=\"https:\/\/scontent-gru2-1.xx.fbcdn.net\/hphotos-xtf1\/v\/t1.0-9\/12717309_213195919029985_8063069695220374444_n.jpg?oh=f778963a0b0b33a41daa498aa5040cf5&amp;oe=57562454\" width=\"664\" height=\"960\" border=\"0\" \/><\/p>\n<\/div>\n<p><!--more--><\/p>\n<p><!--more--><\/p>\n<p><!--more--><\/p>\n<p><!--more--><\/p>\n<div style=\"text-align: center;\"><\/div>\n<div style=\"text-align: center;\"><\/div>\n<div>\n<div style=\"text-align: left;\"><\/div>\n<\/div>\n<div style=\"text-align: center;\"><\/div>\n","protected":false},"excerpt":{"rendered":"<p>El taller Infanto Juvenil busca enriquecer las experiencias de los alumnos\u00a0a trav\u00e9s de m\u00faltiples propuestas, potenciando la sensibilidad, inteligencia y el esp\u00edritu cr\u00edtico. Es un lugar de encuentro para compartir y hacer, sentir y comunicar. Est\u00e1 dirigido a ni\u00f1as y\u00a0 ni\u00f1os y adolescentes, sin que la edad sea un impedimento para encontrarse con el arte &#8230; <a title=\"TALLER INFANTO JUVENIL inscripciones\" class=\"read-more\" href=\"https:\/\/espbaecaraffa-cba.infd.edu.ar\/sitio\/taller-infanto-juvenil\/\" aria-label=\"More on TALLER INFANTO JUVENIL inscripciones\">[+]<\/a><\/p>\n","protected":false},"author":222,"featured_media":0,"parent":0,"menu_order":0,"comment_status":"closed","ping_status":"closed","template":"","meta":[],"acf":[],"_links":{"self":[{"href":"https:\/\/espbaecaraffa-cba.infd.edu.ar\/sitio\/wp-json\/wp\/v2\/pages\/741"}],"collection":[{"href":"https:\/\/espbaecaraffa-cba.infd.edu.ar\/sitio\/wp-json\/wp\/v2\/pages"}],"about":[{"href":"https:\/\/espbaecaraffa-cba.infd.edu.ar\/sitio\/wp-json\/wp\/v2\/types\/page"}],"author":[{"embeddable":true,"href":"https:\/\/espbaecaraffa-cba.infd.edu.ar\/sitio\/wp-json\/wp\/v2\/users\/222"}],"replies":[{"embeddable":true,"href":"https:\/\/espbaecaraffa-cba.infd.edu.ar\/sitio\/wp-json\/wp\/v2\/comments?post=741"}],"version-history":[{"count":15,"href":"https:\/\/espbaecaraffa-cba.infd.edu.ar\/sitio\/wp-json\/wp\/v2\/pages\/741\/revisions"}],"predecessor-version":[{"id":1216,"href":"https:\/\/espbaecaraffa-cba.infd.edu.ar\/sitio\/wp-json\/wp\/v2\/pages\/741\/revisions\/1216"}],"wp:attachment":[{"href":"https:\/\/espbaecaraffa-cba.infd.edu.ar\/sitio\/wp-json\/wp\/v2\/media?parent=741"}],"curies":[{"name":"wp","href":"https:\/\/api.w.org\/{rel}","templated":true}]}}