{"id":768,"date":"2020-12-22T11:59:37","date_gmt":"2020-12-22T14:59:37","guid":{"rendered":"https:\/\/espbaecaraffa-cba.infd.edu.ar\/sitio\/horarios\/"},"modified":"2025-11-04T17:30:43","modified_gmt":"2025-11-04T20:30:43","slug":"horarios","status":"publish","type":"page","link":"https:\/\/espbaecaraffa-cba.infd.edu.ar\/sitio\/horarios\/","title":{"rendered":"horarios"},"content":{"rendered":"<p style=\"text-align: justify;\"><span style=\"font-family: arial,helvetica,sans-serif;\"><span style=\"font-size: 10pt;\"><span style=\"font-family: verdana,geneva;\">El Taller\u00a0es libre y\u00a0tiene por objetivo posibilitar a ni\u00f1os y adolescentes de 4 a 16 a\u00f1os, un espacio de expresi\u00f3n y comunicaci\u00f3n\u00a0a trav\u00e9s de las artes visuales.<\/span><\/span><\/span><\/p>\n<div style=\"text-align: center;\">\n<table style=\"width: 100%;\" border=\"1\" cellspacing=\"0\" cellpadding=\"0\">\n<tbody>\n<tr>\n<td width=\"62\"><\/td>\n<td valign=\"top\" width=\"78\"><strong>\u00a0<\/strong><\/p>\n<p><strong>HORARIO<\/strong><\/p>\n<p><strong>\u00a0<\/strong><\/td>\n<td valign=\"top\" width=\"123\"><strong>\u00a0<\/strong><\/p>\n<p><strong>LUNES<\/strong><\/td>\n<td valign=\"top\" width=\"198\"><strong>\u00a0<\/strong><\/p>\n<p><strong>MARTES<\/strong><\/td>\n<td valign=\"top\" width=\"121\"><strong>MIERCOLES<\/strong><\/td>\n<td valign=\"top\" width=\"191\"><strong>\u00a0<\/strong><\/p>\n<p><strong>JUEVES<\/strong><\/td>\n<td valign=\"top\" width=\"132\"><strong>\u00a0<\/strong><\/p>\n<p><strong>VIERNES<\/strong><\/td>\n<\/tr>\n<tr>\n<td valign=\"top\" width=\"62\">TM<\/td>\n<td valign=\"top\" width=\"78\">10.00<\/p>\n<p>12:00<\/td>\n<td valign=\"top\" width=\"123\"><strong><span style=\"color: #ff6600;\">NI\u00d1OS DE 4 A 10 A\u00d1OS<\/span><\/strong><\/p>\n<p><strong>GRISELDA RAMALLO<\/strong><\/p>\n<p><span style=\"color: #ff6600;\"><strong>(Turno I)<\/strong><\/span><\/td>\n<td valign=\"top\" width=\"198\"><strong>\u00a0<\/strong><\/td>\n<td valign=\"top\" width=\"121\"><strong><span style=\"color: #ff6600;\">NI\u00d1OS DE 4 A 10 A\u00d1OS<\/span><\/strong><\/p>\n<p><strong>GRISELDA RAMALLO<\/strong><\/p>\n<p><span style=\"color: #ff6600;\"><strong>(Turno I)\u00a0<\/strong><\/span><\/td>\n<td valign=\"top\" width=\"191\"><\/td>\n<td valign=\"top\" width=\"132\"><strong>\u00a0<\/strong><\/td>\n<\/tr>\n<tr>\n<td valign=\"top\" width=\"62\">TT<\/td>\n<td valign=\"top\" width=\"78\">16.00<\/p>\n<p>17:20<\/td>\n<td valign=\"top\" width=\"123\"><strong><span style=\"color: #800080;\">NI\u00d1OS DE 7\u00a0A 11\u00a0A\u00d1OS<\/span><\/strong><\/p>\n<p><span style=\"color: #800080;\"><strong>(Turno II)\u00a0<\/strong><\/span><\/td>\n<td valign=\"top\" width=\"198\"><\/td>\n<td valign=\"top\" width=\"121\"><strong><span style=\"color: #800080;\">NI\u00d1OS DE 7\u00a0A 11\u00a0A\u00d1OS<\/span><\/strong><\/p>\n<p><strong><span style=\"color: #800080;\">(Turno II)<\/span>\u00a0<\/strong><\/td>\n<td valign=\"top\" width=\"191\"><\/td>\n<td valign=\"top\" width=\"132\"><\/td>\n<\/tr>\n<tr>\n<td valign=\"top\" width=\"62\">TT<\/p>\n<p>TT<\/td>\n<td valign=\"top\" width=\"78\">16.00<\/p>\n<p>17:20<\/p>\n<p>18:20<\/p>\n<p>20:20<\/td>\n<td valign=\"top\" width=\"123\"><\/td>\n<td valign=\"top\" width=\"198\"><\/td>\n<td valign=\"top\" width=\"121\"><strong><span style=\"color: #008000;\">NI\u00d1OS DE 4 A 6\u00a0A\u00d1OS<\/span><\/strong><strong>DANIELA PEREYRA<\/strong><\/p>\n<p><span style=\"color: #008000;\"><strong>(Turno III)<\/strong><\/span><\/p>\n<p><strong>\u00a0<\/strong><\/td>\n<td valign=\"top\" width=\"191\"><\/td>\n<td valign=\"top\" width=\"132\">\n<p><span style=\"color: #0000ff;\"><strong>J\u00d3VENES DE 12 A 17 A\u00d1OS\u00a0<\/strong><\/span><\/p>\n<p><strong>DANIELA PEREYRA<\/strong><\/p>\n<p><span style=\"color: #0000ff;\"><strong>(Turno IV)<\/strong><\/span><\/td>\n<\/tr>\n<\/tbody>\n<\/table>\n<\/div>\n<p><span style=\"font-family: arial,helvetica,sans-serif;\"><span style=\"font-size: 10pt;\"><span style=\"font-family: verdana,geneva;\">\u00a0\u00a0\u00a0\u00a0\u00a0\u00a0\u00a0\u00a0\u00a0\u00a0\u00a0\u00a0\u00a0\u00a0\u00a0 <\/span><\/span><\/span><\/p>\n<p><span style=\"font-family: arial,helvetica,sans-serif;\">\u00a0<\/span><\/p>\n","protected":false},"excerpt":{"rendered":"<p>El Taller\u00a0es libre y\u00a0tiene por objetivo posibilitar a ni\u00f1os y adolescentes de 4 a 16 a\u00f1os, un espacio de expresi\u00f3n y comunicaci\u00f3n\u00a0a trav\u00e9s de las artes visuales. \u00a0 HORARIO \u00a0 \u00a0 LUNES \u00a0 MARTES MIERCOLES \u00a0 JUEVES \u00a0 VIERNES TM 10.00 12:00 NI\u00d1OS DE 4 A 10 A\u00d1OS GRISELDA RAMALLO (Turno I) \u00a0 NI\u00d1OS DE &#8230; <a title=\"horarios\" class=\"read-more\" href=\"https:\/\/espbaecaraffa-cba.infd.edu.ar\/sitio\/horarios\/\" aria-label=\"More on horarios\">[+]<\/a><\/p>\n","protected":false},"author":222,"featured_media":0,"parent":0,"menu_order":0,"comment_status":"closed","ping_status":"closed","template":"","meta":[],"acf":[],"_links":{"self":[{"href":"https:\/\/espbaecaraffa-cba.infd.edu.ar\/sitio\/wp-json\/wp\/v2\/pages\/768"}],"collection":[{"href":"https:\/\/espbaecaraffa-cba.infd.edu.ar\/sitio\/wp-json\/wp\/v2\/pages"}],"about":[{"href":"https:\/\/espbaecaraffa-cba.infd.edu.ar\/sitio\/wp-json\/wp\/v2\/types\/page"}],"author":[{"embeddable":true,"href":"https:\/\/espbaecaraffa-cba.infd.edu.ar\/sitio\/wp-json\/wp\/v2\/users\/222"}],"replies":[{"embeddable":true,"href":"https:\/\/espbaecaraffa-cba.infd.edu.ar\/sitio\/wp-json\/wp\/v2\/comments?post=768"}],"version-history":[{"count":9,"href":"https:\/\/espbaecaraffa-cba.infd.edu.ar\/sitio\/wp-json\/wp\/v2\/pages\/768\/revisions"}],"predecessor-version":[{"id":1215,"href":"https:\/\/espbaecaraffa-cba.infd.edu.ar\/sitio\/wp-json\/wp\/v2\/pages\/768\/revisions\/1215"}],"wp:attachment":[{"href":"https:\/\/espbaecaraffa-cba.infd.edu.ar\/sitio\/wp-json\/wp\/v2\/media?parent=768"}],"curies":[{"name":"wp","href":"https:\/\/api.w.org\/{rel}","templated":true}]}}